by 55.
54
Calculate the remainder when 2079 is divided by 45.
9
What is the remainder when 177 is divided by 6?
3
Calculate the remainder when 1508 is divided by 24.
20
What is the remainder when 5 is divided by 1?
0
What is the remainder when 159 is divided by 76?
7
What is the remainder when 276 is divided by 14?
10
Calculate the remainder when 11677 is divided by 32.
29
Calculate the remainder when 238 is divided by 22.
18
What is the remainder when 290 is divided by 117?
56
Calculate the remainder when 209 is divided by 10.
9
Calculate the remainder when 32 is divided by 24.
8
Calculate the remainder when 15 is divided by 12.
3
Calculate the remainder when 300 is divided by 31.
21
What is the remainder when 4643 is divided by 31?
24
What is the remainder when 119 is divided by 118?
1
Calculate the remainder when 454 is divided by 449.
5
Calculate the remainder when 4007 is divided by 59.
54
Calculate the remainder when 215 is divided by 44.
39
Calculate the remainder when 3171 is divided by 52.
51
What is the remainder when 910 is divided by 25?
10
What is the remainder when 359 is divided by 12?
11
Calculate the remainder when 190 is divided by 71.
48
Calculate the remainder when 426 is divided by 134.
24
What is the remainder when 1842 is divided by 15?
12
Calculate the remainder when 825 is divided by 268.
21
Calculate the remainder when 2426 is divided by 484.
6
Calculate the remainder when 182 is divided by 93.
89
What is the remainder when 64 is divided by 38?
26
What is the remainder when 81 is divided by 21?
18
Calculate the remainder when 443 is divided by 46.
29
Calculate the remainder when 131 is divided by 47.
37
Calculate the remainder when 1677 is divided by 34.
11
What is the remainder when 2490 is divided by 83?
0
What is the remainder when 209 is divided by 44?
33
Calculate the remainder when 699 is divided by 30.
9
Calculate the remainder when 175 is divided by 70.
35
Calculate the remainder when 175 is divided by 10.
5
What is the remainder when 5639 is divided by 166?
161
What is the remainder when 459 is divided by 23?
22
What is the remainder when 1495 is divided by 337?
147
Calculate the remainder when 1486 is divided by 82.
10
Calculate the remainder when 684 is divided by 137.
136
What is the remainder when 323 is divided by 36?
35
What is the remainder when 200 is divided by 51?
47
Calculate the remainder when 45 is divided by 13.
6
What is the remainder when 157 is divided by 146?
11
Calculate the remainder when 978 is divided by 481.
16
What is the remainder when 932 is divided by 307?
11
Calculate the remainder when 1721 is divided by 42.
41
What is the remainder when 215 is divided by 12?
11
Calculate the remainder when 383 is divided by 24.
23
What is the remainder when 596 is divided by 37?
4
What is the remainder when 4313 is divided by 36?
29
What is the remainder when 286 is divided by 52?
26
What is the remainder when 26 is divided by 8?
2
What is the remainder when 2950 is divided by 123?
121
What is the remainder when 510 is divided by 97?
25
Calculate the remainder when 817 is divided by 812.
5
Calculate the remainder when 207 is divided by 37.
22
Calculate the remainder when 678 is divided by 58.
40
Calculate the remainder when 207 is divided by 55.
42
What is the remainder when 451 is divided by 42?
31
What is the remainder when 2292 is divided by 102?
48
Calculate the remainder when 504 is divided by 41.
12
What is the remainder when 322 is divided by 12?
10
What is the remainder when 227 is divided by 47?
39
Calculate the remainder when 51 is divided by 36.
15
What is the remainder when 82 is divided by 72?
10
Calculate the remainder when 2728 is divided by 78.
76
Calculate the remainder when 18 is divided by 3.
0
Calculate the remainder when 10519 is divided by 4.
3
Calculate the remainder when 396 is divided by 119.
39
What is the remainder when 2843 is divided by 75?
68
What is the remainder when 2293 is divided by 164?
161
What is the remainder when 600 is divided by 292?
16
Calculate the remainder when 827 is divided by 83.
80
What is the remainder when 1744 is divided by 84?
64
Calculate the remainder when 42 is divided by 42.
0
Calculate the remainder when 7017 is divided by 65.
62
Calculate the remainder when 348 is divided by 51.
42
What is the remainder when 1099 is divided by 20?
19
What is the remainder when 10718 is divided by 20?
18
What is the remainder when 424 is divided by 25?
24
What is the remainder when 1139 is divided by 76?
75
Calculate the remainder when 721 is divided by 122.
111
Calculate the remainder when 115 is divided by 73.
42
Calculate the remainder when 134 is divided by 23.
19
Calculate the remainder when 16 is divided by 6.
4
Calculate the remainder when 661 is divided by 85.
66
Calculate the remainder when 375 is divided by 254.
121
What is the remainder when 241 is divided by 27?
25
What is the remainder when 79 is divided by 30?
19
Calculate the remainder when 1614 is divided by 33.
30
Calculate the remainder when 3388 is divided by 12.
4
What is the remainder when 419 is divided by 206?
7
What is the remainder when 1684 is divided by 76?
12
What is the remainder when 300 is divided by 43?
42
What is the remainder when 5337 is divided by 157?
156
What is the remainder when 1212 is divided by 64?
60
Calculate the remainder when 548 is divided by 129.
32
Calculate the remainder when 155 is divided by 12.
11
What is the remainder when 406 is divided by 103?
97
What is the remainder when 26 is divided by 7?
5
What is the remainder when 94 is divided by 72?
22
Calculate the remainder when 526 is divided by 107.
98
Calculate the remainder when 8 is divided by 2.
0
Calculate the remainder when 413 is divided by 53.
42
Calculate the remainder when 439 is divided by 432.
7
What is the remainder when 86 is divided by 48?
38
Calculate the remainder when 79 is divided by 68.
11
Calculate the remainder when 183 is divided by 94.
89
What is the remainder when 93 is divided by 92?
1
What is the remainder when 321 is divided by 27?
24
What is the remainder when 132 is divided by 6?
0
Calculate the remainder when 265 is divided by 52.
5
Calculate the remainder when 1481 is divided by 7.
4
What is the remainder when 31 is divided by 24?
7
What is the remainder when 1437 is divided by 45?
42
What is the remainder when 466 is divided by 156?
154
Calculate the remainder when 100 is divided by 41.
18
What is the remainder when 144 is divided by 74?
70
Calculate the remainder when 229 is divided by 46.
45
Calculate the remainder when 2048 is divided by 1020.
8
Calculate the remainder when 690 is divided by 11.
8
Calculate the remainder when 175 is divided by 164.
11
What is the remainder when 162 is divided by 32?
2
What is the remainder when 120 is divided by 11?
10
What is the remainder when 296 is divided by 22?
10
Calculate the remainder when 40 is divided by 16.
8
Calculate the remainder when 151 is divided by 49.
4
Calculate the remainder when 439 is divided by 112.
103
What is the remainder when 365 is divided by 62?
55
What is the remainder when 302 is divided by 110?
82
What is the remainder when 149 is divided by 71?
7
Calculate the remainder when 60 is divided by 38.
22
What is the remainder when 138 is divided by 45?
3
Calculate the remainder when 103 is divided by 9.
4
Calculate the remainder when 1193 is divided by 198.
5
What is the remainder when 1025 is divided by 417?
191
What is the remainder when 218 is divided by 20?
18
What is the remainder when 170 is divided by 19?
18
What is the remainder when 1120 is divided by 45?
40
Calculate the remainder when 1193 is divided by 69.
20
What is the remainder when 226 is divided by 80?
66
What is the remainder when 4091 is divided by 34?
11
Calculate the remainder when 1449 is divided by 481.
6
What is the remainder when 1530 is divided by 217?
11
What is the remainder when 247 is divided by 57?
19
What is the remainder when 1409 is divided by 351?
5
What is the remainder when 1036 is divided by 128?
12
Calculate the remainder when 60 is divided by 23.
14
What is the remainder when 260 is divided by 148?
112
What is the remainder when 3344 is divided by 339?
293
Calculate the remainder when 3675 is divided by 118.
17
